n factor of w and 37.
37
Let q(z) = -z + 13. Let u be q(4). Let p(t) = -t + 2*t - 2*t - u. Let d be p(-14). What is the greatest common factor of d and 1?
1
Let t(v) = 17*v. Suppose -2*g + 10 = 4*j, 5*g + 4*j = -j + 15. Let s be t(g). What is the highest common divisor of 51 and s?
17
Let b = -2 - -13. Calculate the highest common divisor of b and 11.
11
Suppose 2*l = 295 + 173. Calculate the greatest common factor of 26 and l.
26
Let i(t) = t**2 - 9*t - 4. Let x be i(13). What is the greatest common factor of x and 80?
16
Let p be 2*(92 - 1) + -2. What is the greatest common divisor of 20 and p?
20
Suppose 4*p = -3 + 35. What is the highest common factor of 12 and p?
4
Let c(d) be the third derivative of 0*d + 0 + 1/3*d**3 - 1/8*d**4 + 1/60*d**5 + 2*d**2. Let x be c(4). What is the highest common divisor of 9 and x?
3
Suppose 0 = 5*v + 3*a - 31, 4*v + 0 = -a + 22. Suppose -5*b - v*h = -21 - 14, h + 29 = 2*b. What is the highest common divisor of b and 96?
12
Suppose -4*n + 94 + 2 = 0. Calculate the highest common divisor of 192 and n.
24
Suppose 5*n = 4*w - 8, 0 = n + 4*n - 20. Suppose 0 = 3*k + h - 4, 2*h + w = 2*k - 1. Suppose v - 120 = -k*v. What is the highest common factor of 4 and v?
4
Suppose 2*m - 3*p + 2*p = 41, -2*m + 4*p = -50. Let k be (-2)/11 - (-2094)/22. Calculate the highest common factor of k and m.
19
Let i = -81 + 93. Calculate the highest common divisor of i and 3.
3
Let i = 20 + -11. Suppose -3*y + 42 = 4*v, 3*v = 4 - 13. Calculate the greatest common divisor of y and i.
9
Let q = 1058 + -302. Suppose -a = -4*a + q. What is the greatest common factor of a and 28?
28
Let x be (2 - 9/6)*50. What is the highest common divisor of 100 and x?
25
Suppose -8 = -6*o + 8*o. Let b(s) = 4*s - 2. Let c be b(5). Let k be (-885)/(-27) - o/c. What is the highest common factor of 22 and k?
11
Suppose -m = -2*i - 91, 24 + 83 = m + 2*i. Let r = 9 + 0. Calculate the greatest common factor of m and r.
9
Let t(p) = 19*p + 2. Let a be t(1). What is the highest common factor of 21 and a?
21
Let g(j) = j + 6. Let q be (1 - (6 + -3))*-3. Let f be g(q). What is the highest common factor of f and 30?
6
Suppose -5*t + 8 = -12, 3*c = -2*t + 20. Suppose -120 = -0*d - c*d. Let m be (-64)/(-10) - 6/15. What is the highest common factor of d and m?
6
Let q(y) = 5 - 10 - 11*y + 6*y**2 + y**3 + 2*y**2. Let d be q(-9). Calculate the greatest common divisor of 26 and d.
13
Suppose 0 = 3*d + 2*v - 68 - 20, 0 = -2*d - 2*v + 60. Let f(z) = -z**2 - 8*z + 5. Let j be f(-6). Let y = j - -25. What is the highest common factor of y and d?
14
Suppose i - 20 = -i. What is the highest common factor of 60 and i?
10
Suppose -2*z + 38 = -8. What is the greatest common divisor of z and 23?
23
Let o(m) = 26*m. Let a be o(2). Suppose 53 = 3*i - a. Let x = i + -16. Calculate the highest common divisor of 171 and x.
19
Suppose -48 = -11*j + 10*j. What is the greatest common factor of 72 and j?
24
Let h(y) = 2*y**3 + y + 1. Let j be h(-1). Let w = 2 - j. Suppose -b - 128 = -5*b. Calculate the highest common factor of b and w.
4
Suppose 5*s = 77 + 153. Suppose -42 = -4*k + 2*l, -4*k = l + l - s. Calculate the greatest common divisor of 22 and k.
11
Suppose 2*y = 3*y + 4*z - 44, 0 = -2*y - 3*z + 113. Let w be ((-3)/(-9))/((-1)/(-15)). Suppose -w*i - 4 = -84. Calculate the highest common factor of i and y.
16
Let l(h) = -19*h + 1. Let b be l(-1). Suppose g - 25 = -b. Calculate the greatest common factor of 45 and g.
5
Let k = 9 + -1. Suppose -5*c - 5*d + 368 = -2, 3*d - 150 = -2*c. What is the highest common divisor of c and k?
8
Let f be (-1)/(-4)*(2 + 10). Suppose f*v = -v + 8. Suppose 0 = 3*t - 5*m + 12, -t + 2*m - 2 = m. What is the greatest common divisor of t and v?
1
Suppose -162 + 36 = -3*h. Suppose -3*p + 133 = -110. Let t = p - h. Calculate the highest common divisor of 13 and t.
13
Let k = 6 - 1. Let l be (-70)/(-12)*(-8 - -14). What is the highest common divisor of k and l?
5
Let n(x) = 34*x + 3. Let c be n(-2). Let b be c/(-6) + 2/12. Let j = b - -2. Calculate the greatest common factor of 26 and j.
13
Let k = -14 + 15. Suppose -4*t - 9 = z, t - 5*z = 4*t + 11. Let h be 11/k - (t - 0). Calculate the highest common factor of h and 39.
13
Suppose 39*z = 42*z - 48. Calculate the greatest common factor of z and 8.
8
Let u = -3 - -8. Let f(z) = z**2 - 5*z - 1. Let b be f(u). Let s = 1 - b. Calculate the greatest common divisor of s and 5.
1
Suppose -768 = -2*g - 0*g. Suppose -4*y + 0*y = -g. Suppose 0 = 2*b - 3*r - y, 2*r - 152 = -4*b - 2*r. Calculate the greatest common divisor of b and 14.
14
Suppose 3*q - 120 = -2*q. Let k be q/(-30)*(0 + -30). Let y be (-3)/((-2)/(-16)*-3). What is the greatest common divisor of k and y?
8
Let f(l) = -10*l - 2. Let s be f(-1). What is the highest common divisor of 88 and s?
8
Let p(u) be the first derivative of u**4/4 - 5*u**3/3 + u**2/2 - u + 2. Let i be p(5). Let t = i + -1. Calculate the highest common factor of t and 27.
3
Suppose 668 = 10*v - 442. Calculate the highest common factor of 74 and v.
37
Let h(k) = -k**3 - 6*k**2 + 7*k + 2. Let b be h(-7). Suppose -b*n = 2 - 8. What is the highest common factor of 27 and n?
3
Suppose 18*l = -212 + 2480. Calculate the highest common divisor of l and 18.
18
Let m be -1*2 - (0 + -44). Let t be (-5)/(-15) - (-4)/6. Let g be t/(1/(-12)*-2). What is the greatest common factor of g and m?
6
Let v = 23 + -18. Let l be (-84)/(-15) + 2/v. Calculate the highest common divisor of 24 and l.
6
Let a(j) = 19*j + 10. Let u(i) = -i**2 - 7*i - 2. Let h be u(-5). Let s be a(h). What is the highest common factor of s and 18?
18
Let h = -13 - -69. Suppose 2*m - 15 - 1 = 0. What is the highest common factor of m and h?
8
Let v be (0*(-1)/(-3))/(-3) + 112. What is the highest common divisor of 28 and v?
28
Suppose 3*q + 73 = 4*i, 0 = -3*i - 2*i + 3*q + 89. Suppose -z + 0 = -32. Calculate the greatest common factor of z and i.
16
Suppose -l + f - 1 = 0, 0 + 1 = 5*l - 3*f. Let o be ((-64)/(-28) - 2) + (-40)/(-7). Calculate the greatest common factor of o and l.
2
Let r(j) = -33*j + 1. Let u be r(-4). Calculate the greatest common divisor of 38 and u.
19
Let d(r) be the second derivative of r**4/12 - r**3/3 + r**2 + 4*r. Let o be d(2). What is the greatest common divisor of o and 1?
1
Let d be (-534)/3 - (0 + 0). Let m = 249 + d. Suppose 42 = 2*h + 4*g - 2*g, 0 = 3*h - 5*g - m. Calculate the greatest common divisor of h and 11.
11
Let m be (-9 - 3)/(0 - 1). What is the highest common divisor of m and 108?
12
Suppose -2*y + 3*r + 184 = 3*y, 82 = 2*y - 4*r. Suppose 8*o = 3*o + y. Calculate the greatest common divisor of 49 and o.
7
Suppose 10 + 10 = 4*n. Calculate the highest common factor of n and 5.
5
Let u be 32 + (0/3)/(-1). Let b(k) = -k**2 - 8*k - 4. Let g(x) = x**2 + 5*x - 2. Let m be g(-4). Let o be b(m). What is the highest common divisor of u and o?
8
Let i be -1*(1 - (-12)/(-3)). What is the greatest common factor of i and 21?
3
Let g be (-20)/(-6)*12/10. Let n(h) = 2*h**3 - 3*h**2 - 4*h + 5. Let t be n(5). Let z be (t/56)/((-4)/(-14)). What is the highest common divisor of z and g?
2
Suppose c = 3*i + 54, 4*i = -2*c - 0*i + 68. Suppose 3*s = -3*n + c, 3*s - 24 = -2*n + 22. Calculate the greatest common factor of 6 and s.
6
Let s(p) = -3*p**3 + 9 + 2*p**3 - 6*p**2 + 6*p + 1 + 0*p**3. Let h be s(-8). What is the highest common divisor of h and 18?
18
Suppose -6*x + 75 = -x. What is the highest common divisor of x and 135?
15
Let i be (-5 + 2 - -2)*-28. Let b be 9/9 + 29 + -2. Calculate the highest common factor of b and i.
28
Let j(z) = z**2 + 18. Let p be j(0). Let y(n) = 9*n**2 - 6*n - 6. Let k be y(-4). What is the highest common divisor of k and p?
18
Let k be (-4)/(-14) + (2004/42 - -4). Calculate the greatest common factor of 65 and k.
13
Let n(g) = g**2 + 45. Let d be 100/36 - (-4)/18. Suppose -j = -d*j. Let i be n(j). Calculate the greatest common factor of 9 and i.
9
Suppose -4*v - 125 = 5*l - 355, 3*l + 4*v = 130. Let k(r) = r**3 + 7*r**2 + r - 5. Let s be k(-6). What is the greatest common divisor of s and l?
25
Let u(f) = f**3 - 3*f**2 + 11*f - 20. Let l be u(6). What is the highest common factor of 14 and l?
14
Let d = 72 + -17. Calculate the greatest common divisor of d and 22.
11
Let z